 = 150 + -123. Suppose -29 = -w*s + 214. What is x(s)?
2
Let u be (26/39)/((-2)/(-4))*210/40. Let p(f) = -2*f**2 + 8*f + 17. What is p(u)?
-25
Suppose -14*l + 2067 = 2*v - 9*l, -v + 1011 = -2*l. Let n = v - 1015. Let z(j) = 11*j + 14. Let d(i) = 5*i + 7. Let x(s) = -13*d(s) + 6*z(s). Calculate x(n).
-1
Let k(d) be the first derivative of d**4/4 + 6*d**3 + 3*d**2 + 24*d + 410. What is k(-18)?
-84
Suppose 75 = 5*h - 0*h. Suppose -5*w = -h, -27 = 4*i - 4*w - w. Let d(r) = 2*r - r**2 + 10*r - 14*r + 3. Give d(i).
0
Let z(w) = w**3 - 13*w**2 + 22*w - 1. Let m be z(11). Let x = 3 - m. Suppose 3*u - 5*j + 1 = 0, -x*u + 16 = -3*j + 5*j. Let n(c) = 4*c - 2. Calculate n(u).
10
Let q(h) = 20*h - 4 - 25 - 13*h - 4*h - 3. Calculate q(9).
-5
Let o(j) = -22*j**2 + 2*j**2 + 15*j**2 + j**2 + j**2. Let k = 7 - 8. Calculate o(k).
-3
Let h(x) be the third derivative of -227*x**2 - x**3 + 0*x - 1/12*x**4 + 0. What is h(-4)?
2
Let q(n) be the second derivative of n**3/2 - 8*n**2 + 9*n + 84. Calculate q(-8).
-40
Let i(u) be the third derivative of -u**6/120 - 4*u**5/15 - 3*u**4/4 - 6*u**3 + 1755*u**2. Determine i(-15).
9
Let f = 2162 + -2152. Let a(j) = 4*j**2 - 39*j - 12. What is a(f)?
-2
Let u(m) = -m**3 - 6*m**2 - 4*m - 2. Suppose 49 = 3*i + 4*s, -39 - 20 = -4*i + s. Suppose 6*o + 105 = -i*o. Calculate u(o).
-7
Let s(c) = c**2 + 9*c - 12. Let d(m) = 8*m + 24. Let f be d(8). Let q = f + -158. Let r be q/6 - (-15)/9. Calculate s(r).
-2
Let u = -2241 - -2239. Let j = -7 + 11. Let o(n) = 5*n**3 + 3*n**2 + 2*n + 5. Let k(y) = y**3 + y**2 + y + 1. Let s(x) = j*k(x) - o(x). Calculate s(u).
7
Let t = 5657 - 5656. Let x(h) = 3*h - 10. Give x(t).
-7
Let p(z) = 24*z**2 + 7*z + 10. Let m(g) = 23*g**2 + 6*g + 8. Let s(c) = -5*m(c) + 4*p(c). Give s(-1).
-17
Suppose -5*p + 2*u = 24, -p - 14 = -2*u - 6. Let w(g) = g**3 + 3*g**2 - 6*g - 5. What is w(p)?
3
Let v = -136 + -39. Let u be (-17)/14*6 - 50/v. Let k(d) = -d**2 - 4*d - 6. Give k(u).
-27
Let n(j) = 636*j**3 - 57*j**2 - 635*j**3 + 26*j**2 - 44 + 31*j. Give n(30).
-14
Let i(z) = -429*z - 2*z**3 + 4*z**3 + 4*z**2 - 21 + 882*z - 3*z**3 - 426*z. Determine i(-4).
-1
Let d(q) be the second derivative of 4*q**3/3 - 29*q**2/2 + 13*q - 140. What is d(8)?
35
Let i(t) = -2*t**2 - 59 - 26 - 179 - 1193*t + 1249*t. Calculate i(6).
0
Suppose -429 + 541 = 112*d. Let a(m) = -63*m + 69. Give a(d).
6
Let p(j) be the second derivative of j**3/6 - 16*j**2 - 2*j - 164. Determine p(10).
-22
Let x(u) = 5620*u - 5632*u - 2 + 3. Suppose 7 = -4*j - 3*w, -4*j - 5*w + w - 12 = 0. Give x(j).
-23
Suppose 0 = -3*b - 3*h - 3, 0 = -5*b - 4*h - 0 - 5. Suppose t + 0*t = -5. Let u be (1 + -3 + 3)/b*t. Let l(m) = -m**2 + 8*m - 6. Calculate l(u).
9
Let x(s) = -s**3 + 10*s**2 + s - 8. Let f be x(10). Let v(i) = -4*i + 5. Let t = -53 - -48. Let b(r) = -5*r + 6. Let c(q) = t*b(q) + 6*v(q). Determine c(f).
2
Let f(z) = -7*z**2 - 7*z + 74. Let i be f(3). Let u(s) = s**3 + 10*s**2 + 19. Determine u(i).
19
Let i(c) be the second derivative of c**5/20 - c**4/12 - c**3/3 + 2*c**2 - c - 228. Give i(-2).
-4
Let z be -1 - 5 - (-48 - -24 - -25). Let b(j) = -6*j - 15. Calculate b(z).
27
Let r be (-2 - 4)/6 + -11. Let u be (12/(-9))/((-4)/r). Let l(a) = a + 6. What is l(u)?
2
Let u(p) = -p**3 + 25*p**2 - 25*p + 25. Let t = -40213 - -40237. Determine u(t).
1
Let o be -4 + 5/(-5) - 2/1. Let u(z) = -z**3 - 5*z**2 + 14*z + 5. Let n be u(o). Let s(y) be the first derivative of y**3/3 - 3*y**2 + 5*y + 1. Calculate s(n).
0
Let j(m) be the third derivative of 0*m - 7/6*m**3 - 2*m**2 - 18 - 1/120*m**6 + 2/15*m**5 - 7/24*m**4. Let k = 30 + -24. What is j(k)?
23
Let c(m) = -3 + 1375*m + 2 - 678*m - 2 - 690*m. Calculate c(-2).
-17
Let q = 434 + -435. Let w be (-3 - -7)*q/4. Let m(r) = 5*r**3 - r**2 + 4*r**2 + 7*r**3 - 4*r**2. Give m(w).
-13
Let f(o) = -21*o + 1. Let k be f(-1). Suppose 0 = -u - 3, 0 = -5*z + 3*z - 2*u + k. Suppose 5*d + z = -11. Let m(n) = n**2 + 5*n + 6. Give m(d).
6
Let y(i) = -i**3 - 8*i**2 - 14*i - 2. Suppose -169*q + 173*q - 10 = -2*l, 0 = 3*l - 3*q + 30. What is y(l)?
-7
Let s be (-1)/3*1 + 14808/(-72). Let w = s + 205. Let u(c) = -4*c**3 - 2*c**2 - c. Determine u(w).
3
Let n(w) be the third derivative of 5*w**4/12 + w**3/6 + 431*w**2. Let u be 16 + 0 + (13 - 9). Let p = -19 + u. Calculate n(p).
11
Let m = -5 - -9. Let p(q) = -q**2 + 12*q + 1. Let f(c) = 6*c**2 - 83*c - 5. Let i(x) = f(x) + 7*p(x). What is i(m)?
-10
Let r(s) be the third derivative of -s**6/120 + s**3/6 + 23*s**2. Let k(a) = 5*a**3 + 7*a**2 - 14. Let g(d) = k(d) + 4*r(d). Let v = -10 + 3. Calculate g(v).
-10
Let w be 95/(-180)*-6 + 30/36. Let a(j) = -j**2 + 18*j - 52. Determine a(w).
4
Let c(l) = 7*l - 2. Let o(b) = -b - 3 + 3. Let n(a) = c(a) + 5*o(a). Let x(y) = 8*y + 369. Let s be x(-45). Give n(s).
16
Let u = 2 + 5. Suppose -x - 100 = -6*x. Let g(h) = h - 5 + x - 9 - 5. Give g(u).
8
Let z(p) = 16*p - 117. Let y = -5453 + 5461. Determine z(y).
11
Let b(c) = c**3 + 10*c**2 + 9*c + 7. Let r be b(-9). Let t(n) = 11*n**3 - 63*n**2 + 0 + 6*n - 3*n**3 - 9*n**3 + 69*n**2 - 4 + 6. Give t(r).
-5
Let h(g) = 7*g**2 + 3*g**2 - 2 - 4 + g - 6*g**2. Let l be h(-2). Let r(z) = l*z - 8*z**2 + 4*z + 7*z**2 - 4. Give r(11).
7
Let c(v) = -v**3 - 3*v**2 + 6*v + 4. Let r be (-12)/(-10) + ((-39)/52)/(15/104). Calculate c(r).
-4
Let c = 886 + -582. Let v(z) = -298*z + c*z - 9 + 8. What is v(-2)?
-13
Let q(g) be the third derivative of -g**6/180 + g**5/30 + g**4/24 - 3*g**3/2 - 2*g**2 + 5. Let a(w) be the second derivative of q(w). What is a(4)?
-12
Suppose -3*g - 5*t = -34, 5*t + 73 - 16 = 4*g. Let q(o) = -o + 8*o + g - 10*o - 5*o + o**2 - o. Calculate q(6).
-5
Let x(q) = q**2 + 9*q + 3. Suppose -4 - 11 = -5*t. Suppose 2*z + 5 = t*z, z - 47 = -3*s. Let r be (-4)/s + (4 - (-150)/(-14)). Give x(r).
-11
Let i(l) = -14*l - 54. Let g(t) = t**3 + 33*t**2 - 41*t - 242. Let f be g(-34). Calculate i(f).
2
Let m = -546 + 552. Let o = 2 + 1. Suppose 12 = o*x, 2*x + m = 5*n + 24. Let u(i) = 2*i**2 - i - 1. Calculate u(n).
9
Suppose 3*n = 22*n + 76. Let b(d) = 664 - 3*d - 663 + 2*d. What is b(n)?
5
Let l(y) = -7*y + 149. Let n be l(22). Let t(c) = 3*c + 2 - 3 - 9 + 5*c**2 - 4*c**2. What is t(n)?
0
Suppose -6 = -w - 4*i, i + 66 = 64. Let m(r) be the second derivative of -5/6*r**3 + 0 - 1/12*r**4 + 0*r**2 + w*r. Calculate m(-3).
6
Let l(n) = 57*n + 8217. Let y be l(-144). Let d(r) be the third derivative of r**4/12 - 7*r**3/3 + r**2. Calculate d(y).
4
Let j(i) = -2*i**3 - 9*i**2 - 6*i + 12. Let g be 10/(-4)*(-896)/(-448). Give j(g).
67
Let r(x) = -23*x + 43. Let h be (1 + 1)/1 - (34 + -34). Calculate r(h).
-3
Let o be 2*(1 + -3)*(-1)/2. Let x(p) = -6*p**2 + 3*p**3 + 3*p - p**3 + o + 2*p**3 - 5*p**3 - 10*p. Calculate x(-5).
12
Let m = 3635 - 3631. Let i(d) = -d**3 + 6*d**2 - 12*d + 8. Give i(m).
-8
Let m(y) = -4*y - 1. Let i(c) = 21*c - 66. Let r(o) = -i(o) - 5*m(o). What is r(0)?
71
Suppose 23 = 29*p - 24*p + d, -3*d + 1 = -2*p. Let r(c) = -18*c + 9 - 2 + 14*c. What is r(p)?
-9
Let w(j) = j**3 - j**2 - j + 33. Let n be w(-3). Let o(x) = x - 12. Give o(n).
-12
Let j(w) = 13 + 0 + w + 0. Let m(v) = -15*v + 15*v + 7*v + 35. Let b be m(-5). What is j(b)?
13
Suppose -2*i - 1 = -3*s - 0*i, 4*s + i - 5 = 0. Let v(t) = 9*t**2 - 9*t + 1. Let j(p) = -28*p**2 + 8*p - 1. Let a(g) = j(g) + v(g). Determine a(s).
-20
Let q(b) = -53*b - 28. Let j(o) = 294*o + 144. Let r(a) = -2*j(a) - 11*q(a). Give r(2).
10
Suppose -2*h - 4*f + 12 = 0, -h = 3*f - 8 - 0. Let w(q) be the first derivative of 24 + 13*q**h + q - 4*q - 12*q**2 - 3*q. Calculate w(5).
4
Let w(f) = -8*f**2 + f. Let g(y) = 24*y**2 - 52*y + 6. Let v be g(2). Determine w(v).
-34
Let f(y) = -5*y + 2. Let k(a) = 22*a + 370 - 187 - 195 + 6*a - a. Let c(u) = -11*f(u) - 2*k(u). Let s(r) = r + 3. Let m be s(3). Calculate c(m).
8
Let m(z) = 33*z**3 + z**2 - 1. Suppose 762 = r + 2*r. Let d = 253 - r. Give m(d).
-33
Let u(s) = s**2 + 3*s - 10. Let c = -454 - -791. Let n = c - 342. Give u(n).
0
Let s(h) = h**3 + 13*h**2 + 8*h - 6. Let k = 19319 + -19332. Give s(k).
-110
Let g = -299 - -690. Let k = g - 394. Let w(q) = -q**3 - 4*q**2 - 3*q - 3. Give w(k).
-3
Let d = 274 + -288. Let a(m) = -20*m + m**2 - 13*m**2 + 1 + 5*m**2 + 6*m + 6*m**2. Calculate a(d).
1
Let v(n) be the second derivative of -n**4/1